t of h?
4
Suppose 3*t + 3 = 0, -5*n + 2 = 3*t - 5. Suppose -n*i + 8 = -46. What is the tens digit of i?
2
What is the units digit of (-21 - -15)*(1 + (-3)/2)?
3
Suppose 4 = -b + 2*b, 0 = u + 5*b - 35. Let o(i) = i - 9. Let r be o(0). Let p = u + r. What is the units digit of p?
6
Let c(h) = -8*h + 1 + 8*h - h**3 + 7*h + 0*h**3 + 5*h**2. What is the units digit of c(6)?
7
Let t = 82 + -45. Let n = t + -16. What is the tens digit of n?
2
Let t(g) = -g**2 + 8*g - 8. Let d be t(6). Let u = 2 + d. What is the units digit of u?
6
Let h = -12 + 15. What is the units digit of -1 + h - (1 - 2)?
3
Suppose 59 = 3*o - 2*h + 3*h, 0 = -o + h + 13. Suppose o = 2*g - 6. What is the units digit of g?
2
Let o = 80 + 41. What is the units digit of o?
1
Let n be -1 - (-1 + -3 + 2). Let i(s) = 38*s - 1. What is the tens digit of i(n)?
3
Suppose 2*i + 2*k + 0*k - 6 = 0, i - 3 = -2*k. Let y = i + 1. Suppose -1 = -v + y. What is the units digit of v?
5
Let v(o) = -7*o + 3. What is the tens digit of v(-3)?
2
Let l(n) = -n - 7. Let d be l(-8). Let k(b) = b**3 + b**2 - 2*b + 1. What is the units digit of k(d)?
1
Let s(c) = 5*c**3 + 3*c**2 - 4*c + 2. Let o be s(2). Let n = -48 + 20. Let p = n + o. What is the units digit of p?
8
Suppose -47*v + 192 = -45*v. What is the units digit of v?
6
Let q(c) = -2. Let o(h) = h + 1. Let b(a) = 2*o(a) + 2*q(a). Suppose -6*t + 10 = -8. What is the units digit of b(t)?
4
Suppose -4*z + 18 = -2*z - 4*m, -2*z + 14 = -2*m. What is the units digit of z?
5
Let u(p) = -p**2 + 13*p - 4. Let c(m) = -m. Let y(w) = -6*c(w) - u(w). What is the tens digit of y(9)?
2
Let o(l) = 5*l - 1. Let p(q) = q - 1. Let n(z) = -o(z) + 4*p(z). Let t be n(7). What is the units digit of (-15)/t + 2/4?
2
Suppose 0 = -0*m - 4*m + 616. Suppose 0*k + m = 4*k + 2*z, 0 = -5*k - 2*z + 190. What is the units digit of k?
6
Let j(g) = 5*g + 35. What is the tens digit of j(7)?
7
Suppose c + 5*t = 6*c - 100, 0 = -5*t + 20. What is the tens digit of c?
2
Suppose 3*g = 2*b - 518, g - 3 = -5. What is the tens digit of b?
5
Let b(h) be the third derivative of -3*h**4/8 - h**3/6 + h**2. Let f = 0 + -1. What is the units digit of b(f)?
8
Let q be 4 + (1 - 2) + 2. Suppose 5*g + 0*g = 2*u + 5, q*u = 5*g + 10. Suppose 2*i = u*i - 3. What is the units digit of i?
1
Let n(p) be the first derivative of p**2 - 6*p - 2. What is the tens digit of n(10)?
1
Suppose 2*l + 3*m = 115, 0*l + 265 = 4*l - m. What is the units digit of l?
5
Let q = 29 - 21. Suppose 2*x = -18 - 34. What is the units digit of x/(-4) + 4/q?
7
Let g be 6*(2/3)/(8/(-6)). Let c be (0 + 3)/((-1)/3). What is the units digit of (-1)/g + (-15)/c?
2
Suppose -181 = -3*t + p, 5*t - 4*p = 62 + 242. What is the tens digit of t?
6
Let u be (-30)/(-9)*(-5 + 8). What is the tens digit of (-160)/12*(-12)/u?
1
Let f be -8 - ((-3)/(-3) + 1). Let v = 11 + f. What is the units digit of v?
1
Let l = -7 + 1. What is the units digit of (-92)/l - (-4)/(-12)?
5
Suppose 4*v - 256 = -0*v. Let j(s) = s - 1. Let r be j(4). Suppose v = -r*b + 7*b. What is the tens digit of b?
1
Let d be ((-4)/3)/(3/(-9)). Suppose -3*o + d = -2. What is the units digit of (0 - -1)*o + -1?
1
Let b(y) = y**3 + 5*y**2 - y - 4. Suppose f + 10 = -f. Let l be b(f). What is the units digit of (-8 - l)*(0 + -1)?
9
Suppose -3 = -d - 4*q, -5*d + q + 84 = -2*q. Suppose x + 4 - d = 0. What is the tens digit of x?
1
What is the tens digit of 2*-43*5/(-5)?
8
Let j = -77 - -134. What is the units digit of j?
7
Suppose 0*t + 3*j + 12 = 3*t, 4*j = -4*t + 8. Let k(b) = -b + t*b - 6 - 4*b. What is the units digit of k(-6)?
6
What is the units digit of ((-25)/50)/((-2)/152)?
8
Let d(i) = -i**3 - i + 6. Let t be d(0). Let y(w) = 2*w - 2. Let v be y(t). What is the units digit of 1/(1 - v/12)?
6
Suppose -2 - 4 = -2*k. Suppose 20 = z + k*z. What is the units digit of z?
5
Suppose 8*w - 3*w = 45. What is the units digit of w?
9
What is the tens digit of (76/(-5))/((-24)/60)?
3
Let a(u) = 4*u - 7. Let g be a(7). Suppose 9 + g = 2*m. Suppose -2*b + 7 = -r, -r + 2*b - m = -2*b. What is the units digit of r?
1
Let n(z) be the first derivative of z**4/2 - z**3 + 2*z**2 - 3*z - 3. What is the units digit of n(2)?
9
Suppose 21*k - 2030 = 11*k. What is the tens digit of k?
0
Let f(u) = 65*u**2 - 1. Let z be f(1). Suppose -d = 3*d - z. What is the units digit of d?
6
Let q(j) = 3*j**2 - 3*j - 2*j**2 + 2 + 2*j**2. What is the units digit of q(2)?
8
Suppose 0 = 4*w - 4*o + 20, -2*o = 5*w - 4*o + 19. Suppose -d = 4*d. Let r = d - w. What is the units digit of r?
3
Let u(z) = 3*z - 1. Let g(b) = b - 1. Let t(x) = -2*g(x) + u(x). Let v be t(-4). Let n(o) = 3*o**2 + 4*o + 1. What is the units digit of n(v)?
6
What is the hundreds digit of (9 + (0 - 0))/((-24)/(-352))?
1
What is the tens digit of (-846)/(-21) + 4/(-14)?
4
Let q be -2*(-3)/2 + 0. Suppose -3*v + q*t = 7 - 28, 4*v - 28 = -5*t. What is the units digit of v?
7
Let x(s) be the first derivative of -2*s**3/3 + s**2/2 - 2*s - 2. Let a be x(-2). Let u = -5 - a. What is the units digit of u?
7
Let d = -16 - -12. Let w = d + 11. What is the units digit of w?
7
Let g = -16 - -23. Suppose -5*r + r - 18 = -2*u, r + g = 3*u. What is the units digit of u?
1
Suppose -16 = -4*u - 4*j, -u = -3*u + 4*j - 16. Let b = u - -12. What is the units digit of b?
2
Suppose d - 2*d + 8 = -3*z, 2*z + 14 = 5*d. Suppose 0*a = d*a - 86. What is the units digit of a?
3
Let l(c) = -c**2 - 10*c - 4. Let k(u) = u + 1. Let h(g) = 3*k(g) - l(g). What is the units digit of h(-14)?
1
Suppose t - 14 = d, -2*t - d + 35 = 4*d. What is the units digit of t?
5
Suppose 0*b - 16 = -2*b. Suppose 2 = -m + b. What is the units digit of m?
6
Suppose 5*z + 5*l + 12 = z, -3*l = 12. Suppose -3*m + z*d = -30, 5 = 2*d - 1. What is the tens digit of m?
1
Suppose 0 = y - 4*y. Suppose y*n + 5*n = 15. What is the units digit of n?
3
Let w = -21 + 14. Let x = 14 - 1. Let r = x + w. What is the units digit of r?
6
What is the hundreds digit of (8/(-4))/(-2)*(215 + 4)?
2
Let k(x) = -x**3 + 12*x**2 - x + 1. What is the hundreds digit of k(7)?
2
Let o(q) = -2*q. Let j be o(-4). Let m = j - -12. What is the units digit of m?
0
What is the tens digit of (-3)/(-5) - ((-3848)/20 + 1)?
9
Suppose -4*k - 5*b + b = -16, -5*b + 10 = 0. Suppose -k*y = y - 6. What is the units digit of y?
2
Let a(h) = -h**3 - 5*h**2 + 4*h - 1. Suppose -3*w = -3*f + 51, -3 + 15 = 4*f. Let p be (10 + w)/(4/6). What is the tens digit of a(p)?
1
Let u(g) = -3*g - 2. Let t be u(-1). Let j(a) = 31*a**2 + 2*a - 1. What is the units digit of j(t)?
2
Let n = 11 - 11. What is the units digit of (3 + n)*1 - -2?
5
Let n(p) = 3*p + 1. Let y be (-15)/10*4/(-3). What is the units digit of n(y)?
7
Suppose -18*o + 15*o = -453. What is the hundreds digit of o?
1
Let x(s) = -s + 20. Suppose -2*u = 2*u - 56. What is the units digit of x(u)?
6
Let m(j) = j**3 + j**2 + j + 157. Let y be m(0). Suppose y = 4*r - 11. What is the tens digit of r?
4
Let n(b) be the second derivative of -b**3/6 + 6*b**2 - 2*b. Let i(a) = a**3 + 6*a**2 + a + 6. Let x be i(-6). What is the tens digit of n(x)?
1
Suppose -2*v - 3*v = -15. Suppose v*i = -0*i + 138. What is the units digit of i?
6
Let c(l) = 14*l**2 + 2*l + 2. What is the units digit of c(-1)?
4
Let q(l) = -l**2 - 2*l. Let g be q(-4). Let s(m) = -m**3 - 7*m**2 + 8*m - 2. Let v be s(g). What is the units digit of 4 + 0 + (v - -4)?
6
Let m(j) be the third derivative of j**4/24 + 2*j**3/3 + 4*j**2. What is the units digit of m(5)?
9
Suppose 5*w + 18 + 22 = 0. Let b(c) = c**3 + 9*c**2 + 8*c. Let o be b(w). Let z = 2 + o. What is the units digit of z?
2
Suppose 0 = -j + 3*x + 17, -j = j + 5*x + 21. Suppose -z = -0*z - 2*m - 64, -5*z + 288 = -j*m. What is the units digit of z?
6
Let k(h) = 2*h**3 - 2*h**2 - 2*h + 3. Let p be k(2). Suppose w + 3*n + 16 = 0, 3*w - 5*n - 4 - 4 = 0. Let g = w + p. What is the units digit of g?
3
Suppose -3*n + 983 = -5*m, 3*n = 6*n - 3*m - 975. What is the hundreds digit of n?
3
Let n be (28/10)/((-3)/(-15)). Suppose -3*x - 5 = -g, n = 2*g - 2*x - 0*x. What is the units digit of g?
8
Let p = 15 - 12. Suppose -3*a + 126 = 3*g, -a + 5*g = -39 + p. What is the units digit of a?
1
Let q(v) be the second derivative of -v**7/56 - v**5/120 + v**3/2 - v. Let k(i) be the second derivative of q(i